{"id":36,"date":"2022-05-24T09:03:03","date_gmt":"2022-05-24T12:03:03","guid":{"rendered":"http:\/\/klevr.com.br\/democemi\/?page_id=36"},"modified":"2022-08-16T09:52:46","modified_gmt":"2022-08-16T12:52:46","slug":"equipe-tecnica","status":"publish","type":"page","link":"https:\/\/cemigama.com.br\/index.php\/equipe-tecnica\/","title":{"rendered":"Nossa equipe"},"content":{"rendered":"\n<figure class=\"wp-block-gallery alignleft has-nested-images columns-default is-cropped wp-block-gallery-1 is-layout-flex wp-block-gallery-is-layout-flex\">\n<figure class=\"wp-block-image size-full\"><img loading=\"lazy\" decoding=\"async\" width=\"1017\" height=\"1024\" data-id=\"228\" src=\"https:\/\/cemigama.com.br\/wp-content\/uploads\/2022\/08\/1fcc64dd-4612-4caf-8db0-70181b592816-1017x1024.jpg\" alt=\"\" class=\"wp-image-228\" srcset=\"https:\/\/cemigama.com.br\/wp-content\/uploads\/2022\/08\/1fcc64dd-4612-4caf-8db0-70181b592816-1017x1024.jpg 1017w, https:\/\/cemigama.com.br\/wp-content\/uploads\/2022\/08\/1fcc64dd-4612-4caf-8db0-70181b592816-298x300.jpg 298w, https:\/\/cemigama.com.br\/wp-content\/uploads\/2022\/08\/1fcc64dd-4612-4caf-8db0-70181b592816-150x150.jpg 150w, https:\/\/cemigama.com.br\/wp-content\/uploads\/2022\/08\/1fcc64dd-4612-4caf-8db0-70181b592816-768x773.jpg 768w, https:\/\/cemigama.com.br\/wp-content\/uploads\/2022\/08\/1fcc64dd-4612-4caf-8db0-70181b592816.jpg 1080w\" sizes=\"auto, (max-width: 1017px) 100vw, 1017px\" \/><\/figure>\n<\/figure>\n\n\n\n<p class=\"has-large-font-size\"><strong>Carlos Lafaiete Formiga Menezes<\/strong><br>Diretor<\/p>\n\n\n\n<p>Carlos Lafaiete Formiga Menezes, nascido 09 de abril de 1972 em Bras\u00edlia &#8211; DF, morador do Gama desde a inf\u00e2ncia. Possui forma\u00e7\u00e3o em Matem\u00e1tica pela Universidade Cat\u00f3lica de Bras\u00edlia &#8211; UCB e \u00e9 P\u00f3s-graduado em Doc\u00eancia do Ensino Superio \u00c9 professor vinculado \u00e0 Secretaria de Estado e Educa\u00e7\u00e3o desde 1994. Foi um dos fundadores da Coordena\u00e7\u00e3o Regional de Santa Maria. Foi supervisor pedag\u00f3gico da CEF 308 de Santa Maria, do CEF 2 e CEF PAN do Gama. Foi ainda vice-diretor do CEF 12 do Gama. <\/p>\n\n\n\n<p>Chegou ao CEMI do Gama em 2012, convidado pelo Vice-diretor \u00e0 \u00e9poca, Luiz Cl\u00e1udio, para ser Coordenador, cargo que ocupou de 2012 a 2013. Em 2014, tornou-se Vice-diretor e de 2017 at\u00e9 hoje \u00e9 Diretor do CEMI do Gama. <\/p>\n\n\n\n<p>Lafaiete se tornou um \u00edcone e um refer\u00eancia viva dos bons resultados que o CEMI tem demonstrado. Seu cuidado e carinho para com os alunos, professores e funcion\u00e1rios \u00e9 algo de se invejar, e sua boa vontade com os projetos da escola \u00e9 algo admir\u00e1vel.<\/p>\n\n\n\n<hr class=\"wp-block-separator has-alpha-channel-opacity\"\/>\n\n\n<div class=\"wp-block-image\">\n<figure class=\"alignright size-full\"><img loading=\"lazy\" decoding=\"async\" width=\"469\" height=\"351\" src=\"http:\/\/klevr.com.br\/democemi\/wp-content\/uploads\/2022\/07\/image-1.png\" alt=\"\" class=\"wp-image-87\" srcset=\"https:\/\/cemigama.com.br\/wp-content\/uploads\/2022\/07\/image-1.png 469w, https:\/\/cemigama.com.br\/wp-content\/uploads\/2022\/07\/image-1-300x225.png 300w\" sizes=\"auto, (max-width: 469px) 100vw, 469px\" \/><\/figure><\/div>\n\n\n<p class=\"has-large-font-size\"><strong>Sebasti\u00e3o Ivaldo Carneiro <\/strong><br>Vice-diretor<\/p>\n\n\n\n<p>Sebasti\u00e3o Ivaldo Carneiro, nascido 25 de julho de 1973 em Brasilia &#8211; DF (Gama), atual morador da Ponte Alta Norte, tamb\u00e9m no Gama.<br>Possui forma\u00e7\u00e3o em F\u00edsica, mestrado em F\u00edsica e doutorado em Educa\u00e7\u00e3o para a Ci\u00eancia, todos pela Universidade de Brasilia (UnB)<br>Sebasti\u00e3o iniciou na secretaria de educa\u00e7\u00e3o em 1996. J\u00e1 atuou profissionalmente no CEM 02, CEF 2 e em redes particulares como: Col\u00e9gio Vit\u00f3ria e Col\u00e9gio Madre Carmen Salles, atualmente tamb\u00e9m atua na Uniceplac.<\/p>\n\n\n\n<p>Chegou ao CEMI do Gama no ano de 2017, inicialmente como professor de inicia\u00e7\u00e3o cient\u00edfica e f\u00edsica. Posteriormente, a convite do atual diretor Lafaete recebeu a oportunidade de ser vice diretor da institui\u00e7\u00e3o, sendo logo ap\u00f3s, efetivado.<\/p>\n\n\n\n<p>Sebasti\u00e3o marcou presen\u00e7a desde sua chegada ao demonstrar trabalhos cheios de personalidade e exatid\u00e3o. Tem feito grandes projetos em prol do bem estar dos estudantes da institui\u00e7\u00e3o.<\/p>\n\n\n\n<hr class=\"wp-block-separator has-alpha-channel-opacity\"\/>\n\n\n<div class=\"wp-block-image\">\n<figure class=\"alignleft size-full\"><img loading=\"lazy\" decoding=\"async\" width=\"480\" height=\"360\" src=\"http:\/\/klevr.com.br\/democemi\/wp-content\/uploads\/2022\/07\/image-2.png\" alt=\"\" class=\"wp-image-92\" srcset=\"https:\/\/cemigama.com.br\/wp-content\/uploads\/2022\/07\/image-2.png 480w, https:\/\/cemigama.com.br\/wp-content\/uploads\/2022\/07\/image-2-300x225.png 300w\" sizes=\"auto, (max-width: 480px) 100vw, 480px\" \/><\/figure><\/div>\n\n\n<p class=\"has-large-font-size\"><strong>Francisca Mendes de Carvalho<\/strong><br>Supervisora Pedag\u00f3cia<\/p>\n\n\n\n<p>Francisca Mendes de Carvalho, nascida 01 de dezembro de 1971 em Oeiras &#8211; Piau\u00ed e atual moradora do Gama &#8211; DF.<br>Possui forma\u00e7\u00e3o em Pedagogia pela Universidade de Brasilia (UnB) e possui especializa\u00e7\u00e3o em Desenvolvimento Humano e Inclus\u00e3o escolar, feita pelo Departamento de Psicologia da mesma universidade. \u00c9 professora desde 1987, onde atual como professora do fundamental I, II e Ensino M\u00e9dio. Foi normalista e ao t\u00e9rmino do magist\u00e9rio iniciou como professora aos 17 anos.<\/p>\n\n\n\n<p>Dentro das institui\u00e7\u00f5es em que esteve presente, temos: Unidade Escolar Jean Piaget e Centro de Ensino Paulo Freire, (localizadas no Piau\u00ed), Col\u00e9gio Santo Ant\u00f4nio no Valparaiso, Escola Classe 13, Escola Classe 03 e Jardim De Inf\u00e2ncia 03 (localizadas no Gama).<\/p>\n\n\n\n<p>Chegou ao CEMI do Gama em 2014, e j\u00e1 atuou neste centro de ensino como: professora de est\u00e1gio, coordenadora pedag\u00f3gica local e supervisora pedag\u00f3gica, onde pretende se aposentar.<\/p>\n\n\n\n<p>Francisca tem atuado com muita garra e determina\u00e7\u00e3o ao tomar frente em situa\u00e7\u00f5es diversas. Ela tem prestado servi\u00e7\u00f5es e apoio emocional aos alunos ao longo de seus anos de servi\u00e7o.<\/p>\n\n\n\n<hr class=\"wp-block-separator has-alpha-channel-opacity\"\/>\n\n\n<div class=\"wp-block-image\">\n<figure class=\"alignleft size-full\"><img loading=\"lazy\" decoding=\"async\" width=\"480\" height=\"360\" src=\"http:\/\/klevr.com.br\/democemi\/wp-content\/uploads\/2022\/07\/image-3.png\" alt=\"\" class=\"wp-image-102\" srcset=\"https:\/\/cemigama.com.br\/wp-content\/uploads\/2022\/07\/image-3.png 480w, https:\/\/cemigama.com.br\/wp-content\/uploads\/2022\/07\/image-3-300x225.png 300w\" sizes=\"auto, (max-width: 480px) 100vw, 480px\" \/><\/figure><\/div>\n\n\n<p class=\"has-large-font-size\"><strong>Ros\u00e2ngela de Souza Dias<\/strong><br>Supervisora Administrativa<\/p>\n\n\n\n<p>Ros\u00e2ngela de Sousa Dias, nascida 03 de novembro em Brasilia &#8211; DF (Gama). Atualmente reside no Jardim Ing\u00e1, uma cidade de Luzi\u00e2nia &#8211; GO. Possui forma\u00e7\u00e3o em Recursos Humanos pela UNUPAR &#8211; Valparaiso. Come\u00e7ou atuando como funcion\u00e1ria da limpeza, e posteriormente a convite da dire\u00e7\u00e3o iniciou seus trabalhos no administrativo.<\/p>\n\n\n\n<p>Chegou ao CEMI do Gama quando ainda era CEF 12 em 1993 e atuou tamb\u00e9m no CEMI localizado no setor sul em 2006 e permaneceu na rede at\u00e9 realoca\u00e7\u00e3o da nova sede do CEMI, onde est\u00e1 localizado at\u00e9 os dias atuais, no setor oeste do Gama.<\/p>\n\n\n\n<p>Ros\u00e2ngela tem atuado com muita dedica\u00e7\u00e3o, demonstrando muita simpatia e acolhimento a dire\u00e7\u00e3o e aos alunos.<\/p>\n\n\n\n<hr class=\"wp-block-separator has-alpha-channel-opacity\"\/>\n\n\n<div class=\"wp-block-image\">\n<figure class=\"alignright size-full\"><img loading=\"lazy\" decoding=\"async\" width=\"480\" height=\"360\" src=\"http:\/\/klevr.com.br\/democemi\/wp-content\/uploads\/2022\/07\/image-4.png\" alt=\"\" class=\"wp-image-103\" srcset=\"https:\/\/cemigama.com.br\/wp-content\/uploads\/2022\/07\/image-4.png 480w, https:\/\/cemigama.com.br\/wp-content\/uploads\/2022\/07\/image-4-300x225.png 300w\" sizes=\"auto, (max-width: 480px) 100vw, 480px\" \/><\/figure><\/div>\n\n\n<p class=\"has-large-font-size\"><strong>Maria de F\u00e1tima Elvira dos Santos<\/strong><br>Chefe de Secretaria<\/p>\n\n\n\n<p>Maria de F\u00e1tima Elvira dos Santos, nascida 20 de setembro em Brasilia &#8211; DF (Gama), moradora do Gama desde ent\u00e3o. Possui forma\u00e7\u00e3o em Ci\u00eancias Cont\u00e1beis pela antiga UDF, agora Centro Universit\u00e1rio do Distrito Federal e forma\u00e7\u00e3o na l\u00edngua espanhola. Passou a laborar na secretaria de educa\u00e7\u00e3o em 1994 e j\u00e1 trabalhou em duas institui\u00e7\u00f5es. Chegou ao CEMI do Gama em 2017, atuando como chefe da secretaria.<\/p>\n\n\n\n<p>Maria de F\u00e1tima destaca a import\u00e2ncia do papel da secretaria e a considera como o cora\u00e7\u00e3o da escola, j\u00e1 que desempenha fun\u00e7\u00f5es essenciais para o futuro dos estudantes.<\/p>\n\n\n\n<hr class=\"wp-block-separator has-alpha-channel-opacity\"\/>\n\n\n\n<p><em>O corpo t\u00e9cnico da escola agradece o apoio e carinho das alunas Maria Eduarda Marques e Najla Beatriz Abrante, que carinhosamente elaboraram os descritivos sobre nossa equipe. <\/em><\/p>\n","protected":false},"excerpt":{"rendered":"<p>Carlos Lafaiete Formiga MenezesDiretor Carlos Lafaiete Formiga Menezes, nascido 09 de abril de 1972 em Bras\u00edlia &#8211; DF, morador do Gama desde a inf\u00e2ncia. Possui forma\u00e7\u00e3o em Matem\u00e1tica pela Universidade Cat\u00f3lica de Bras\u00edlia &#8211; UCB e \u00e9 P\u00f3s-graduado em Doc\u00eancia do Ensino Superio \u00c9 professor vinculado \u00e0 Secretaria de Estado e Educa\u00e7\u00e3o desde 1994. Foi &#8230; <a title=\"Nossa equipe\" class=\"read-more\" href=\"https:\/\/cemigama.com.br\/index.php\/equipe-tecnica\/\" aria-label=\"More on Nossa equipe\">Ler mais<\/a><\/p>\n","protected":false},"author":1,"featured_media":0,"parent":0,"menu_order":0,"comment_status":"closed","ping_status":"closed","template":"","meta":{"om_disable_all_campaigns":false,"_monsterinsights_skip_tracking":false,"_monsterinsights_sitenote_active":false,"_monsterinsights_sitenote_note":"","_monsterinsights_sitenote_category":0,"footnotes":""},"class_list":["post-36","page","type-page","status-publish"],"aioseo_notices":[],"_links":{"self":[{"href":"https:\/\/cemigama.com.br\/index.php\/wp-json\/wp\/v2\/pages\/36","targetHints":{"allow":["GET"]}}],"collection":[{"href":"https:\/\/cemigama.com.br\/index.php\/wp-json\/wp\/v2\/pages"}],"about":[{"href":"https:\/\/cemigama.com.br\/index.php\/wp-json\/wp\/v2\/types\/page"}],"author":[{"embeddable":true,"href":"https:\/\/cemigama.com.br\/index.php\/wp-json\/wp\/v2\/users\/1"}],"replies":[{"embeddable":true,"href":"https:\/\/cemigama.com.br\/index.php\/wp-json\/wp\/v2\/comments?post=36"}],"version-history":[{"count":21,"href":"https:\/\/cemigama.com.br\/index.php\/wp-json\/wp\/v2\/pages\/36\/revisions"}],"predecessor-version":[{"id":245,"href":"https:\/\/cemigama.com.br\/index.php\/wp-json\/wp\/v2\/pages\/36\/revisions\/245"}],"wp:attachment":[{"href":"https:\/\/cemigama.com.br\/index.php\/wp-json\/wp\/v2\/media?parent=36"}],"curies":[{"name":"wp","href":"https:\/\/api.w.org\/{rel}","templated":true}]}}