{"id":14,"date":"2022-05-24T08:52:11","date_gmt":"2022-05-24T11:52:11","guid":{"rendered":"http:\/\/klevr.com.br\/democemi\/?page_id=14"},"modified":"2023-10-16T09:00:36","modified_gmt":"2023-10-16T12:00:36","slug":"inicio","status":"publish","type":"page","link":"https:\/\/cemigama.com.br\/","title":{"rendered":"In\u00edcio"},"content":{"rendered":"\n<p> <\/p>\n\n\n<div class=\"wp-block-image\">\n<figure class=\"alignleft size-full is-resized\"><img loading=\"lazy\" decoding=\"async\" width=\"640\" height=\"427\" src=\"http:\/\/klevr.com.br\/democemi\/wp-content\/uploads\/2022\/07\/image-5.png\" alt=\"\" class=\"wp-image-120\" style=\"width:400px\" srcset=\"https:\/\/cemigama.com.br\/wp-content\/uploads\/2022\/07\/image-5.png 640w, https:\/\/cemigama.com.br\/wp-content\/uploads\/2022\/07\/image-5-300x200.png 300w\" sizes=\"auto, (max-width: 640px) 100vw, 640px\" \/><\/figure><\/div>\n\n\n<p>Localizado na cidade do Gama, Distrito Federal, o Centro de Ensino M\u00e9dio Integrado &#8211; CEMI. \u00c9 fruto de uma proposta pedag\u00f3gica inovadora de articula\u00e7\u00e3o entre o Ensino M\u00e9dio e a Educa\u00e7\u00e3o Profissional, que fornece para seus alunos, al\u00e9m da forma\u00e7\u00e3o geral em conte\u00fados, a forma\u00e7\u00e3o para cidadania e acesso ao ensino superior, bem como a prepara\u00e7\u00e3o b\u00e1sica para o trabalho, por meio das compet\u00eancias laborais para o exerc\u00edcio profissional.<\/p>\n\n\n\n<p>\u00c9 uma escola em tempo integral de dois turnos, que fornece para seus alunos a forma\u00e7\u00e3o geral b\u00e1sica e a forma\u00e7\u00e3o t\u00e9cnica em inform\u00e1tica. Em 2019, ap\u00f3s consulta \u00e0 comunidade escolar, o CEMI tornou-se uma das escolas-piloto para a implementa\u00e7\u00e3o do Novo Ensino M\u00e9dio. <\/p>\n\n\n\n<p>A escola disponibiliza anualmente 80 vagas para serem preenchidas mediante sorteio. Destas 80 vagas, 64 s\u00e3o destinadas \u00e0 ampla concorr\u00eancia e as 16 restantes s\u00e3o oferecidas para pessoas com defici\u00eancia ou com transtorno de espectro autista. <\/p>\n\n\n\n<p>Nossa escola foi criada com a finalidade de construir um espa\u00e7o para que os alunos cres\u00e7am, aprendam e criem a cada dia que passa. Com uma abordagem \u00fanica e uma equipe verdadeiramente apaixonada, ajudamos os alunos a se desenvolverem pessoal e academicamente. <\/p>\n\n\n\n<p>Convidamos voc\u00ea a conhecer nossa escola e o ensino que o CEMI Gama tem para oferecer a cada estudante. <\/p>\n\n\n\n<hr class=\"wp-block-separator has-alpha-channel-opacity\"\/>\n\n\n\n<div class=\"wp-block-columns is-layout-flex wp-container-core-columns-is-layout-1 wp-block-columns-is-layout-flex\">\n<div class=\"wp-block-column is-layout-flow wp-block-column-is-layout-flow\">\n<h2 class=\"wp-block-heading\">Destaques<\/h2>\n\n\n<ul class=\"wp-block-latest-posts__list has-dates wp-block-latest-posts\"><li><a class=\"wp-block-latest-posts__post-title\" href=\"https:\/\/cemigama.com.br\/index.php\/2023\/11\/10\/15a-expocemi\/\">15a Expocemi<\/a><time datetime=\"2023-11-10T16:51:22-03:00\" class=\"wp-block-latest-posts__post-date\">10 de novembro de 2023<\/time><\/li>\n<li><a class=\"wp-block-latest-posts__post-title\" href=\"https:\/\/cemigama.com.br\/index.php\/2023\/11\/10\/programacao-jornada-tecnologica-2023\/\">Programa\u00e7\u00e3o Jornada Tecnol\u00f3gica 2023<\/a><time datetime=\"2023-11-10T16:47:30-03:00\" class=\"wp-block-latest-posts__post-date\">10 de novembro de 2023<\/time><\/li>\n<li><a class=\"wp-block-latest-posts__post-title\" href=\"https:\/\/cemigama.com.br\/index.php\/2023\/10\/16\/inscricoes-de-projetos-para-a-semana-tecnologica\/\">Inscri\u00e7\u00f5es de projetos para a Semana Tecnol\u00f3gica<\/a><time datetime=\"2023-10-16T08:34:28-03:00\" class=\"wp-block-latest-posts__post-date\">16 de outubro de 2023<\/time><\/li>\n<li><a class=\"wp-block-latest-posts__post-title\" href=\"https:\/\/cemigama.com.br\/index.php\/2023\/05\/29\/cardapio-semanal-29-05-a-02-06\/\">Card\u00e1pio semanal 29-05 a 02-06<\/a><time datetime=\"2023-05-29T09:02:19-03:00\" class=\"wp-block-latest-posts__post-date\">29 de maio de 2023<\/time><\/li>\n<\/ul><\/div>\n\n\n\n<div class=\"wp-block-column is-layout-flow wp-block-column-is-layout-flow\">\n<h2 class=\"wp-block-heading\">Informes<\/h2>\n\n\n\n<div class=\"wp-block-query is-layout-flow wp-block-query-is-layout-flow\"><ul class=\"wp-block-post-template is-layout-flow wp-block-post-template-is-layout-flow\"><li class=\"wp-block-post post-344 post type-post status-publish format-standard hentry category-informes\">\n<h2 class=\"wp-block-post-title\"><a href=\"https:\/\/cemigama.com.br\/index.php\/2023\/11\/28\/inscricoes-2024\/\" target=\"_self\" >Inscri\u00e7\u00f5es 2024<\/a><\/h2>\n\n<div class=\"wp-block-post-excerpt\"><p class=\"wp-block-post-excerpt__excerpt\">Informamos aos senhores pais e respons\u00e1veis que por alguma raz\u00e3o de ordem t\u00e9cnica, o nome do CEMI Gama n\u00e3o est\u00e1 inclu\u00eddo no formul\u00e1rio de inscri\u00e7\u00e3o da Secretaria de Educa\u00e7\u00e3o. Estamos cientes da situa\u00e7\u00e3o e j\u00e1 estamos em contato com a Secretaria para resolver o mais r\u00e1pido poss\u00edvel. Agradecemos a compreens\u00e3o. <\/p><\/div>\n<\/li><li class=\"wp-block-post post-320 post type-post status-publish format-standard hentry category-informes\">\n<h2 class=\"wp-block-post-title\"><a href=\"https:\/\/cemigama.com.br\/index.php\/2023\/05\/29\/publicado-o-ppp-2023-do-cemi\/\" target=\"_self\" >Publicado o PPP 2023 do CEMI<\/a><\/h2>\n\n<div class=\"wp-block-post-excerpt\"><p class=\"wp-block-post-excerpt__excerpt\">O PPP \u00e9 um plano que reflete o Projeto Pol\u00edtico Pedag\u00f3gico da escola, contendo informa\u00e7\u00f5es sobre a identifica\u00e7\u00e3o da institui\u00e7\u00e3o de ensino, seu hist\u00f3rico escolar, sua infraestrutura, equipamentos, laborat\u00f3rios, detalhando informa\u00e7\u00f5es como a miss\u00e3o social da escola, contendo princ\u00edpios, objetivos, organiza\u00e7\u00e3o curricular, etc. <\/p><\/div>\n<\/li><li class=\"wp-block-post post-252 post type-post status-publish format-standard hentry category-informes\">\n<h2 class=\"wp-block-post-title\"><a href=\"https:\/\/cemigama.com.br\/index.php\/2022\/09\/13\/atencao-os-eads-ja-comecaram\/\" target=\"_self\" >Aten\u00e7\u00e3o! Os EaDs j\u00e1 come\u00e7aram!<\/a><\/h2>\n\n<div class=\"wp-block-post-excerpt\"><p class=\"wp-block-post-excerpt__excerpt\">Os alunos devem ficar atentos aos EaDs das disciplinas t\u00e9cnicas que j\u00e1 iniciaram por meio da plataforma moodle! Os alunos que tiverem disciplinas t\u00e9cnicas pendentes, relativas a semestres anteriores, j\u00e1 est\u00e3o matriculados no moodle para os EaDs deste semestre e devem procurar os respectivos professores para obter informa\u00e7\u00f5es adicionais. Foram enviados informes para os pais&hellip; <\/p><\/div>\n<\/li><\/ul><\/div>\n<\/div>\n<\/div>\n","protected":false},"excerpt":{"rendered":"<p>Localizado na cidade do Gama, Distrito Federal, o Centro de Ensino M\u00e9dio Integrado &#8211; CEMI. \u00c9 fruto de uma proposta pedag\u00f3gica inovadora de articula\u00e7\u00e3o entre o Ensino M\u00e9dio e a Educa\u00e7\u00e3o Profissional, que fornece para seus alunos, al\u00e9m da forma\u00e7\u00e3o geral em conte\u00fados, a forma\u00e7\u00e3o para cidadania e acesso ao ensino superior, bem como a &#8230; <a title=\"In\u00edcio\" class=\"read-more\" href=\"https:\/\/cemigama.com.br\/\" aria-label=\"More on In\u00edcio\">Ler mais<\/a><\/p>\n","protected":false},"author":1,"featured_media":0,"parent":0,"menu_order":0,"comment_status":"closed","ping_status":"closed","template":"","meta":{"om_disable_all_campaigns":false,"_monsterinsights_skip_tracking":false,"_monsterinsights_sitenote_active":false,"_monsterinsights_sitenote_note":"","_monsterinsights_sitenote_category":0,"footnotes":""},"class_list":["post-14","page","type-page","status-publish"],"aioseo_notices":[],"_links":{"self":[{"href":"https:\/\/cemigama.com.br\/index.php\/wp-json\/wp\/v2\/pages\/14","targetHints":{"allow":["GET"]}}],"collection":[{"href":"https:\/\/cemigama.com.br\/index.php\/wp-json\/wp\/v2\/pages"}],"about":[{"href":"https:\/\/cemigama.com.br\/index.php\/wp-json\/wp\/v2\/types\/page"}],"author":[{"embeddable":true,"href":"https:\/\/cemigama.com.br\/index.php\/wp-json\/wp\/v2\/users\/1"}],"replies":[{"embeddable":true,"href":"https:\/\/cemigama.com.br\/index.php\/wp-json\/wp\/v2\/comments?post=14"}],"version-history":[{"count":31,"href":"https:\/\/cemigama.com.br\/index.php\/wp-json\/wp\/v2\/pages\/14\/revisions"}],"predecessor-version":[{"id":331,"href":"https:\/\/cemigama.com.br\/index.php\/wp-json\/wp\/v2\/pages\/14\/revisions\/331"}],"wp:attachment":[{"href":"https:\/\/cemigama.com.br\/index.php\/wp-json\/wp\/v2\/media?parent=14"}],"curies":[{"name":"wp","href":"https:\/\/api.w.org\/{rel}","templated":true}]}}